2157
What is the greatest common divisor of 101604 and 63420?
12
What is the greatest common factor of 927 and 1688526?
9
What is the highest common factor of 34408218 and 1006?
1006
What is the greatest common factor of 312 and 5781880?
104
Calculate the highest common divisor of 24685 and 25475.
5
What is the highest common factor of 767259 and 10026?
9
What is the greatest common factor of 995 and 74052875?
995
Calculate the highest common factor of 30847678 and 36993.
1121
Calculate the greatest common divisor of 1635 and 179475.
15
What is the greatest common factor of 93608460 and 640?
20
What is the highest common divisor of 59600414 and 2294?
2294
What is the greatest common factor of 458234 and 162022?
994
What is the highest common factor of 4324 and 89050618?
2162
What is the highest common divisor of 25600 and 1632900?
100
What is the highest common divisor of 18332276 and 106?
106
Calculate the greatest common divisor of 245 and 230099030.
35
Calculate the greatest common divisor of 13063320 and 429680.
5240
What is the greatest common factor of 238188 and 8625?
69
What is the highest common factor of 77 and 1175413316?
77
Calculate the greatest common factor of 33554 and 34544726.
1766
What is the highest common divisor of 1918 and 378900?
2
What is the greatest common divisor of 1596 and 1077241746?
798
What is the highest common divisor of 800203 and 4898?
31
What is the highest common factor of 235 and 2176899?
47
Calculate the greatest common factor of 27757 and 85918747.
677
What is the highest common factor of 4194 and 226674?
18
Calculate the greatest common factor of 7042417 and 1475.
59
Calculate the greatest common divisor of 1287832 and 54839.
1769
Calculate the greatest common divisor of 17286110 and 30130.
230
Calculate the highest common divisor of 28717 and 63648.
13
Calculate the highest common factor of 23639850 and 48438.
2106
What is the highest common divisor of 65237 and 359170?
733
Calculate the greatest common factor of 35427324 and 152.
76
What is the greatest common divisor of 37884942 and 2142?
306
What is the greatest common divisor of 1786 and 646494?
38
Calculate the greatest common factor of 411199 and 7170555.
1453
Calculate the highest common factor of 22190 and 1447693352.
4438
What is the highest common factor of 5093728 and 116?
4
What is the highest common factor of 715 and 25879139?
143
Calculate the highest common factor of 7205984 and 6164.
268
What is the highest common factor of 502416 and 2400?
48
Calculate the highest common divisor of 11368 and 4055534.
2842
What is the highest common factor of 2863 and 2205737?
409
What is the greatest common factor of 1307600 and 545456?
7472
Calculate the greatest common divisor of 2009504 and 224.
224
What is the greatest common factor of 6317263 and 75001?
419
What is the greatest common factor of 21187170 and 4374?
486
What is the greatest common divisor of 3886920 and 30312?
72
Calculate the greatest common factor of 98184832 and 18368.
2624
What is the greatest common divisor of 261 and 11979987?
87
Calculate the greatest common factor of 5862168 and 43992.
936
What is the greatest common divisor of 3180 and 1098060?
60
What is the highest common factor of 1753631 and 1287?
11
Calculate the highest common factor of 1983138 and 7597.
107
What is the greatest common divisor of 51992806 and 883?
883
Calculate the greatest common factor of 131492800 and 12800.
1600
Calculate the greatest common divisor of 492 and 70848369.
123
What is the greatest common divisor of 1477 and 17843?
7
What is the highest common divisor of 28441779 and 145?
29
Calculate the highest common factor of 485 and 651377795.
485
What is the highest common factor of 31638 and 1266796066?
10546
Calculate the greatest common divisor of 370781640 and 795.
795
Calculate the greatest common factor of 253 and 1468192.
11
Calculate the highest common divisor of 12353745 and 21.
3
Calculate the greatest common divisor of 66347242 and 169.
13
Calculate the highest common factor of 83 and 175608329.
83
What is the greatest common divisor of 18102407 and 191?
191
Calculate the highest common factor of 683740 and 13430.
170
Calculate the greatest common divisor of 895560 and 110160.
2040
What is the greatest common factor of 1120 and 597496?
8
What is the highest common divisor of 540 and 7479270?
270
What is the greatest common factor of 115 and 392255?
5
What is the highest common factor of 332320 and 34410?
310
What is the highest common factor of 379739 and 256457?
761
What is the greatest common divisor of 119559135 and 1247?
43
What is the highest common divisor of 27573 and 815171?
707
Calculate the highest common factor of 2788 and 825494.
82
What is the greatest common divisor of 24 and 454491?
3
What is the highest common factor of 7640 and 125380?
20
Calculate the highest common divisor of 10838305 and 40.
5
Calculate the greatest common divisor of 3017620 and 36160.
20
Calculate the highest common divisor of 16735998 and 456.
114
What is the greatest common divisor of 36 and 13183596?
36
What is the greatest common divisor of 19364805 and 135?
135
What is the greatest common factor of 19054059 and 24276?
867
Calculate the highest common factor of 6670357 and 293503.
1823
Calculate the greatest common divisor of 283958 and 14996.
46
What is the greatest common factor of 500 and 15276500?
500
Calculate the highest common factor of 211141 and 13769.
49
What is the highest common factor of 4595 and 2151374405?
4595
Calculate the greatest common factor of 47 and 53802169.
47
What is the highest common divisor of 16249368 and 1464?
24
Calculate the greatest common divisor of 250 and 336850.
50
What is the highest common factor of 49672672 and 316?
316
Calculate the greatest common divisor of 1314 and 16774378.
146
What is the highest common factor of 378 and 7898898?
42
Calculate the highest common factor of 69469972 and 44.
44
What is the greatest common divisor of 992069 and 390?
13
What is the greatest common divisor of 97276520 and 264?
88
What is the greatest common factor of 66 and 21042252?
66
Calculate the greatest common factor of 357 and 3689.
119
Calculate the greatest common factor of 55 and 4177755.
5
Calculate the greatest common factor of 44582671 and 2.
1
What is the greatest common factor of 41607480 and 654?
654
What is the highest common factor of 11250 and 1827500?
1250
Calculate the greatest common divisor of 41677884 and 12.
12
What is the greatest common factor of 103887 and 319809?
2037
Calculate the highest common factor of 91654002 and 594.
198
What is the greatest common factor of 714171 and 10201?
101
Calculate the highest common divisor of 175 and 8546400.
25
Calculate the highest common divisor of 1242780 and 339570.
2310
What is the greatest common divisor of 13557798 and 3321?
369
What is the greatest common factor of 104 and 823624?
8
What is the greatest common factor of 47687 and 3233844?
1109
What is the highest common divisor of 2663981 and 179462?
1471
What is the highest common factor of 415625 and 4158?
7
Calculate the greatest common divisor of 33464331 and 9.
9
Calculate the greatest common factor of 4218 and 2730711.
111
What is the highest common divisor of 34097745 and 9441?
3147
Calculate the greatest common factor of 6093 and 4494603.
2031
Calculate the greatest common factor of 365450 and 20.
10
What is the greatest common divisor of 166896 and 418896?
144
Calculate the highest common factor of 134541 and 1011285.
891
Calculate the highest common divisor of 12015 and 7721195.
445
Calculate the greatest common factor of 8199185 and 340.
85
What is the highest common factor of 124 and 1203787164?
124
What is the greatest common divisor of 50055 and 243885?
1065
What is the highest common factor of 21043176 and 132?
132
What is the greatest common factor of 3521782 and 11?
11
Calculate the highest common divisor of 161656 and 3437027.
1837
What is the greatest common divisor of 38 and 200621?
19
What is the greatest common divisor of 1280420 and 24820?
1460
Calculate the highest common factor of 7 and 1643454155.
7
Calculate the greatest common factor of 91 and 160777916.
13
Calculate the greatest common divisor of 2269944 and 748278.